{"id":82,"date":"2023-04-06T14:21:00","date_gmt":"2023-04-06T12:21:00","guid":{"rendered":"https:\/\/asso-aspic.fr\/?post_type=evenement&#038;p=82"},"modified":"2023-04-07T16:06:51","modified_gmt":"2023-04-07T14:06:51","slug":"evento-2","status":"publish","type":"evenement","link":"https:\/\/asso-aspic.fr\/es\/evento\/evento-2\/","title":{"rendered":"El coraz\u00f3n como instrumento musical"},"content":{"rendered":"<p>Voy a crear un concierto \u201cm\u00e9dico-musical\u201d llamado: <strong>CONCERTO POUR UN COEUR los d\u00edas 4, 5 y 6 de mayo a las 21 horas en la capilla Paraire de Rodez.<\/strong><\/p>\n<p>Este concierto protagonizar\u00e1 el coraz\u00f3n humano de Carole (mi amiga, enferma de c\u00e1ncer y seguida en el Hospital Universitario de Montpellier): sonorizarlo y proyectarlo en una pantalla gigante para darle una dimensi\u00f3n nunca antes explorada: EL INSTRUMENTO DEL CORAZ\u00d3N DE LA M\u00daSICA COMPLETA. .<\/p>\n<p>Ser\u00e1 interpretado e interpretado por el reconocido cardi\u00f3logo Jean-Pierre HOUPPE: el primer HEARTIST gracias a un ecocardi\u00f3grafo Doppler.<\/p>\n<p>El coraz\u00f3n dialogar\u00e1 con los artistas Z\u00e9lie AUCLIN al arpa de mand\u00edbula, Marion LEPELLETIER a la Transviola, Eric DEVOS a la percusi\u00f3n; Michel RAJI en la danza del aliento y Christophe DEROO recitando.<\/p>\n<p>Este desaf\u00edo t\u00e9cnico y art\u00edstico lleva al espectador a sumergirse en su mundo interior gracias al coraz\u00f3n de Carole que nos revelar\u00e1 la intimidad de su coraz\u00f3n.<\/p>\n<p>El CORAZ\u00d3N: un m\u00fasculo, una inteligencia; un soplo que nos da vida.<\/p>\n<p>Es a trav\u00e9s de este concierto que los artistas dialogar\u00e1n a trav\u00e9s de la improvisaci\u00f3n con el coraz\u00f3n de Carole pero tambi\u00e9n con todo el coraz\u00f3n del p\u00fablico para darle un nuevo soplo de vida.<\/p>\n<p>Adem\u00e1s de este evento, tendremos la oportunidad de asistir a una conferencia sobre &quot;La inteligencia del coraz\u00f3n&quot; a cargo del cardi\u00f3logo Jean-Pierre Houppe el s\u00e1bado 6 de mayo a las 16 h.<\/p>","protected":false},"author":1,"featured_media":264,"menu_order":0,"template":"","meta":{"_acf_changed":false},"class_list":["post-82","evenement","type-evenement","status-publish","has-post-thumbnail","hentry"],"acf":[],"yoast_head":"<!-- This site is optimized with the Yoast SEO plugin v27.4 - https:\/\/yoast.com\/product\/yoast-seo-wordpress\/ -->\n<title>Le c\u0153ur comme instrument de musique - ASPIC<\/title>\n<meta name=\"robots\" content=\"index, follow, max-snippet:-1, max-image-preview:large, max-video-preview:-1\" \/>\n<link rel=\"canonical\" href=\"https:\/\/asso-aspic.fr\/es\/evento\/evento-2\/\" \/>\n<meta property=\"og:locale\" content=\"es_ES\" \/>\n<meta property=\"og:type\" content=\"article\" \/>\n<meta property=\"og:title\" content=\"Le c\u0153ur comme instrument de musique - ASPIC\" \/>\n<meta property=\"og:description\" content=\"Je vais cr\u00e9er un concert \u00ab\u00a0m\u00e9dico-musical\u00a0\u00bb qui s&rsquo;appelle : CONCERTO POUR UN COEUR le 4;5 et 6 mai prochain \u00e0 21h \u00e0 la chapelle Paraire de Rodez. Ce concert va mettre en sc\u00e8ne le coeur humain de Carole ( mon amie, atteinte d&rsquo;un cancer et suivie au CHU de Montpellier) : le sonoriser et le [&hellip;]\" \/>\n<meta property=\"og:url\" content=\"https:\/\/asso-aspic.fr\/es\/evento\/evento-2\/\" \/>\n<meta property=\"og:site_name\" content=\"ASPIC\" \/>\n<meta property=\"article:modified_time\" content=\"2023-04-07T14:06:51+00:00\" \/>\n<meta property=\"og:image\" content=\"https:\/\/asso-aspic.fr\/wp-content\/uploads\/2023\/03\/flyer-cor.jpg\" \/>\n\t<meta property=\"og:image:width\" content=\"706\" \/>\n\t<meta property=\"og:image:height\" content=\"964\" \/>\n\t<meta property=\"og:image:type\" content=\"image\/jpeg\" \/>\n<meta name=\"twitter:card\" content=\"summary_large_image\" \/>\n<meta name=\"twitter:label1\" content=\"Tiempo de lectura\" \/>\n\t<meta name=\"twitter:data1\" content=\"1 minuto\" \/>\n<script type=\"application\/ld+json\" class=\"yoast-schema-graph\">{\"@context\":\"https:\\\/\\\/schema.org\",\"@graph\":[{\"@type\":\"WebPage\",\"@id\":\"https:\\\/\\\/asso-aspic.fr\\\/evenement\\\/evenement-2\\\/\",\"url\":\"https:\\\/\\\/asso-aspic.fr\\\/evenement\\\/evenement-2\\\/\",\"name\":\"Le c\u0153ur comme instrument de musique - ASPIC\",\"isPartOf\":{\"@id\":\"https:\\\/\\\/asso-aspic.fr\\\/#website\"},\"primaryImageOfPage\":{\"@id\":\"https:\\\/\\\/asso-aspic.fr\\\/evenement\\\/evenement-2\\\/#primaryimage\"},\"image\":{\"@id\":\"https:\\\/\\\/asso-aspic.fr\\\/evenement\\\/evenement-2\\\/#primaryimage\"},\"thumbnailUrl\":\"https:\\\/\\\/asso-aspic.fr\\\/wp-content\\\/uploads\\\/2023\\\/03\\\/flyer-cor.jpg\",\"datePublished\":\"2023-04-06T12:21:00+00:00\",\"dateModified\":\"2023-04-07T14:06:51+00:00\",\"breadcrumb\":{\"@id\":\"https:\\\/\\\/asso-aspic.fr\\\/evenement\\\/evenement-2\\\/#breadcrumb\"},\"inLanguage\":\"es\",\"potentialAction\":[{\"@type\":\"ReadAction\",\"target\":[\"https:\\\/\\\/asso-aspic.fr\\\/evenement\\\/evenement-2\\\/\"]}]},{\"@type\":\"ImageObject\",\"inLanguage\":\"es\",\"@id\":\"https:\\\/\\\/asso-aspic.fr\\\/evenement\\\/evenement-2\\\/#primaryimage\",\"url\":\"https:\\\/\\\/asso-aspic.fr\\\/wp-content\\\/uploads\\\/2023\\\/03\\\/flyer-cor.jpg\",\"contentUrl\":\"https:\\\/\\\/asso-aspic.fr\\\/wp-content\\\/uploads\\\/2023\\\/03\\\/flyer-cor.jpg\",\"width\":706,\"height\":964},{\"@type\":\"BreadcrumbList\",\"@id\":\"https:\\\/\\\/asso-aspic.fr\\\/evenement\\\/evenement-2\\\/#breadcrumb\",\"itemListElement\":[{\"@type\":\"ListItem\",\"position\":1,\"name\":\"Accueil\",\"item\":\"https:\\\/\\\/asso-aspic.fr\\\/\"},{\"@type\":\"ListItem\",\"position\":2,\"name\":\"Le c\u0153ur comme instrument de musique\"}]},{\"@type\":\"WebSite\",\"@id\":\"https:\\\/\\\/asso-aspic.fr\\\/#website\",\"url\":\"https:\\\/\\\/asso-aspic.fr\\\/\",\"name\":\"ASPIC\",\"description\":\"\",\"potentialAction\":[{\"@type\":\"SearchAction\",\"target\":{\"@type\":\"EntryPoint\",\"urlTemplate\":\"https:\\\/\\\/asso-aspic.fr\\\/?s={search_term_string}\"},\"query-input\":{\"@type\":\"PropertyValueSpecification\",\"valueRequired\":true,\"valueName\":\"search_term_string\"}}],\"inLanguage\":\"es\"}]}<\/script>\n<!-- \/ Yoast SEO plugin. -->","yoast_head_json":{"title":"El coraz\u00f3n como instrumento musical - ASPIC","robots":{"index":"index","follow":"follow","max-snippet":"max-snippet:-1","max-image-preview":"max-image-preview:large","max-video-preview":"max-video-preview:-1"},"canonical":"https:\/\/asso-aspic.fr\/es\/evento\/evento-2\/","og_locale":"es_ES","og_type":"article","og_title":"Le c\u0153ur comme instrument de musique - ASPIC","og_description":"Je vais cr\u00e9er un concert \u00ab\u00a0m\u00e9dico-musical\u00a0\u00bb qui s&rsquo;appelle : CONCERTO POUR UN COEUR le 4;5 et 6 mai prochain \u00e0 21h \u00e0 la chapelle Paraire de Rodez. Ce concert va mettre en sc\u00e8ne le coeur humain de Carole ( mon amie, atteinte d&rsquo;un cancer et suivie au CHU de Montpellier) : le sonoriser et le [&hellip;]","og_url":"https:\/\/asso-aspic.fr\/es\/evento\/evento-2\/","og_site_name":"ASPIC","article_modified_time":"2023-04-07T14:06:51+00:00","og_image":[{"width":706,"height":964,"url":"https:\/\/asso-aspic.fr\/wp-content\/uploads\/2023\/03\/flyer-cor.jpg","type":"image\/jpeg"}],"twitter_card":"summary_large_image","twitter_misc":{"Tiempo de lectura":"1 minuto"},"schema":{"@context":"https:\/\/schema.org","@graph":[{"@type":"WebPage","@id":"https:\/\/asso-aspic.fr\/evenement\/evenement-2\/","url":"https:\/\/asso-aspic.fr\/evenement\/evenement-2\/","name":"El coraz\u00f3n como instrumento musical - ASPIC","isPartOf":{"@id":"https:\/\/asso-aspic.fr\/#website"},"primaryImageOfPage":{"@id":"https:\/\/asso-aspic.fr\/evenement\/evenement-2\/#primaryimage"},"image":{"@id":"https:\/\/asso-aspic.fr\/evenement\/evenement-2\/#primaryimage"},"thumbnailUrl":"https:\/\/asso-aspic.fr\/wp-content\/uploads\/2023\/03\/flyer-cor.jpg","datePublished":"2023-04-06T12:21:00+00:00","dateModified":"2023-04-07T14:06:51+00:00","breadcrumb":{"@id":"https:\/\/asso-aspic.fr\/evenement\/evenement-2\/#breadcrumb"},"inLanguage":"es","potentialAction":[{"@type":"ReadAction","target":["https:\/\/asso-aspic.fr\/evenement\/evenement-2\/"]}]},{"@type":"ImageObject","inLanguage":"es","@id":"https:\/\/asso-aspic.fr\/evenement\/evenement-2\/#primaryimage","url":"https:\/\/asso-aspic.fr\/wp-content\/uploads\/2023\/03\/flyer-cor.jpg","contentUrl":"https:\/\/asso-aspic.fr\/wp-content\/uploads\/2023\/03\/flyer-cor.jpg","width":706,"height":964},{"@type":"BreadcrumbList","@id":"https:\/\/asso-aspic.fr\/evenement\/evenement-2\/#breadcrumb","itemListElement":[{"@type":"ListItem","position":1,"name":"Accueil","item":"https:\/\/asso-aspic.fr\/"},{"@type":"ListItem","position":2,"name":"Le c\u0153ur comme instrument de musique"}]},{"@type":"WebSite","@id":"https:\/\/asso-aspic.fr\/#website","url":"https:\/\/asso-aspic.fr\/","name":"TRIT\u00d3N","description":"","potentialAction":[{"@type":"SearchAction","target":{"@type":"EntryPoint","urlTemplate":"https:\/\/asso-aspic.fr\/?s={search_term_string}"},"query-input":{"@type":"PropertyValueSpecification","valueRequired":true,"valueName":"search_term_string"}}],"inLanguage":"es"}]}},"_links":{"self":[{"href":"https:\/\/asso-aspic.fr\/es\/wp-json\/wp\/v2\/evenement\/82","targetHints":{"allow":["GET"]}}],"collection":[{"href":"https:\/\/asso-aspic.fr\/es\/wp-json\/wp\/v2\/evenement"}],"about":[{"href":"https:\/\/asso-aspic.fr\/es\/wp-json\/wp\/v2\/types\/evenement"}],"author":[{"embeddable":true,"href":"https:\/\/asso-aspic.fr\/es\/wp-json\/wp\/v2\/users\/1"}],"wp:featuredmedia":[{"embeddable":true,"href":"https:\/\/asso-aspic.fr\/es\/wp-json\/wp\/v2\/media\/264"}],"wp:attachment":[{"href":"https:\/\/asso-aspic.fr\/es\/wp-json\/wp\/v2\/media?parent=82"}],"curies":[{"name":"wp","href":"https:\/\/api.w.org\/{rel}","templated":true}]}}

El corazón como instrumento musical

<p>Voy a crear un concierto “médico-musical” llamado: <strong>CONCERTO POUR UN COEUR los días 4, 5 y 6 de mayo a las 21 horas en la capilla Paraire de Rodez.</strong></p>
<p>Este concierto protagonizará el corazón humano de Carole (mi amiga, enferma de cáncer y seguida en el Hospital Universitario de Montpellier): sonorizarlo y proyectarlo en una pantalla gigante para darle una dimensión nunca antes explorada: EL INSTRUMENTO DEL CORAZÓN DE LA MÚSICA COMPLETA. .</p>
<p>Será interpretado e interpretado por el reconocido cardiólogo Jean-Pierre HOUPPE: el primer HEARTIST gracias a un ecocardiógrafo Doppler.</p>
<p>El corazón dialogará con los artistas Zélie AUCLIN al arpa de mandíbula, Marion LEPELLETIER a la Transviola, Eric DEVOS a la percusión; Michel RAJI en la danza del aliento y Christophe DEROO recitando.</p>
<p>Este desafío técnico y artístico lleva al espectador a sumergirse en su mundo interior gracias al corazón de Carole que nos revelará la intimidad de su corazón.</p>
<p>El CORAZÓN: un músculo, una inteligencia; un soplo que nos da vida.</p>
<p>Es a través de este concierto que los artistas dialogarán a través de la improvisación con el corazón de Carole pero también con todo el corazón del público para darle un nuevo soplo de vida.</p>
<p>Además de este evento, tendremos la oportunidad de asistir a una conferencia sobre &quot;La inteligencia del corazón&quot; a cargo del cardiólogo Jean-Pierre Houppe el sábado 6 de mayo a las 16 h.</p>

<!-- This site is optimized with the Yoast SEO plugin v27.4 - https://yoast.com/product/yoast-seo-wordpress/ -->
<title>Le cœur comme instrument de musique - ASPIC</title>
<meta name="robots" content="index, follow, max-snippet:-1, max-image-preview:large, max-video-preview:-1" />
<link rel="canonical" href="https://asso-aspic.fr/es/evento/evento-2/" />
<meta property="og:locale" content="es_ES" />
<meta property="og:type" content="article" />
<meta property="og:title" content="Le cœur comme instrument de musique - ASPIC" />
<meta property="og:description" content="Je vais créer un concert « médico-musical » qui s&rsquo;appelle : CONCERTO POUR UN COEUR le 4;5 et 6 mai prochain à 21h à la chapelle Paraire de Rodez. Ce concert va mettre en scène le coeur humain de Carole ( mon amie, atteinte d&rsquo;un cancer et suivie au CHU de Montpellier) : le sonoriser et le [&hellip;]" />
<meta property="og:url" content="https://asso-aspic.fr/es/evento/evento-2/" />
<meta property="og:site_name" content="ASPIC" />
<meta property="article:modified_time" content="2023-04-07T14:06:51+00:00" />
<meta property="og:image" content="https://asso-aspic.fr/wp-content/uploads/2023/03/flyer-cor.jpg" />
	<meta property="og:image:width" content="706" />
	<meta property="og:image:height" content="964" />
	<meta property="og:image:type" content="image/jpeg" />
<meta name="twitter:card" content="summary_large_image" />
<meta name="twitter:label1" content="Tiempo de lectura" />
	<meta name="twitter:data1" content="1 minuto" />
<script type="application/ld+json" class="yoast-schema-graph">{"@context":"https:\/\/schema.org","@graph":[{"@type":"WebPage","@id":"https:\/\/asso-aspic.fr\/evenement\/evenement-2\/","url":"https:\/\/asso-aspic.fr\/evenement\/evenement-2\/","name":"Le cœur comme instrument de musique - ASPIC","isPartOf":{"@id":"https:\/\/asso-aspic.fr\/#website"},"primaryImageOfPage":{"@id":"https:\/\/asso-aspic.fr\/evenement\/evenement-2\/#primaryimage"},"image":{"@id":"https:\/\/asso-aspic.fr\/evenement\/evenement-2\/#primaryimage"},"thumbnailUrl":"https:\/\/asso-aspic.fr\/wp-content\/uploads\/2023\/03\/flyer-cor.jpg","datePublished":"2023-04-06T12:21:00+00:00","dateModified":"2023-04-07T14:06:51+00:00","breadcrumb":{"@id":"https:\/\/asso-aspic.fr\/evenement\/evenement-2\/#breadcrumb"},"inLanguage":"es","potentialAction":[{"@type":"ReadAction","target":["https:\/\/asso-aspic.fr\/evenement\/evenement-2\/"]}]},{"@type":"ImageObject","inLanguage":"es","@id":"https:\/\/asso-aspic.fr\/evenement\/evenement-2\/#primaryimage","url":"https:\/\/asso-aspic.fr\/wp-content\/uploads\/2023\/03\/flyer-cor.jpg","contentUrl":"https:\/\/asso-aspic.fr\/wp-content\/uploads\/2023\/03\/flyer-cor.jpg","width":706,"height":964},{"@type":"BreadcrumbList","@id":"https:\/\/asso-aspic.fr\/evenement\/evenement-2\/#breadcrumb","itemListElement":[{"@type":"ListItem","position":1,"name":"Accueil","item":"https:\/\/asso-aspic.fr\/"},{"@type":"ListItem","position":2,"name":"Le cœur comme instrument de musique"}]},{"@type":"WebSite","@id":"https:\/\/asso-aspic.fr\/#website","url":"https:\/\/asso-aspic.fr\/","name":"ASPIC","description":"","potentialAction":[{"@type":"SearchAction","target":{"@type":"EntryPoint","urlTemplate":"https:\/\/asso-aspic.fr\/?s={search_term_string}"},"query-input":{"@type":"PropertyValueSpecification","valueRequired":true,"valueName":"search_term_string"}}],"inLanguage":"es"}]}</script>
<!-- / Yoast SEO plugin. -->

El corazón como instrumento musical - ASPIC

Le cœur comme instrument de musique - ASPIC

Je vais créer un concert « médico-musical » qui s&rsquo;appelle : CONCERTO POUR UN COEUR le 4;5 et 6 mai prochain à 21h à la chapelle Paraire de Rodez. Ce concert va mettre en scène le coeur humain de Carole ( mon amie, atteinte d&rsquo;un cancer et suivie au CHU de Montpellier) : le sonoriser et le [&hellip;]

Le cœur comme instrument de musique

TRITÓN
